 remainder when 96310 is divided by 32088.
46
Calculate the remainder when 29541191 is divided by 120576.
71
What is the remainder when 2812540 is divided by 68?
60
What is the remainder when 103804 is divided by 20541?
1099
What is the remainder when 39621 is divided by 20?
1
Calculate the remainder when 2621036 is divided by 1309951.
1134
Calculate the remainder when 21562 is divided by 2287.
979
Calculate the remainder when 18587259 is divided by 49303.
28
What is the remainder when 154482 is divided by 154?
20
Calculate the remainder when 23383139 is divided by 79.
8
What is the remainder when 5370794 is divided by 1158?
1148
Calculate the remainder when 248234 is divided by 246.
20
Calculate the remainder when 497973 is divided by 605.
58
Calculate the remainder when 3803784 is divided by 810.
24
What is the remainder when 11636416 is divided by 73?
70
Calculate the remainder when 78270805 is divided by 2083.
2080
What is the remainder when 426887 is divided by 60852?
923
What is the remainder when 657541 is divided by 328767?
7
Calculate the remainder when 655460 is divided by 12367.
9
Calculate the remainder when 5594015 is divided by 817.
16
Calculate the remainder when 65343971 is divided by 4428.
4403
Calculate the remainder when 21742006 is divided by 277.
276
What is the remainder when 362079 is divided by 59872?
2847
Calculate the remainder when 1433163 is divided by 208.
43
Calculate the remainder when 2208669 is divided by 82.
81
Calculate the remainder when 137031 is divided by 249.
81
What is the remainder when 312451806 is divided by 2830?
2826
What is the remainder when 489087 is divided by 51?
48
What is the remainder when 1268771 is divided by 15286?
33
Calculate the remainder when 65706 is divided by 19395.
7521
Calculate the remainder when 17071512 is divided by 22.
18
What is the remainder when 3219177 is divided by 509?
261
What is the remainder when 927148 is divided by 463546?
56
Calculate the remainder when 26484 is divided by 26304.
180
What is the remainder when 249798933 is divided by 6181?
6180
What is the remainder when 168387291 is divided by 259?
254
What is the remainder when 421279 is divided by 56?
47
Calculate the remainder when 119777562 is divided by 213.
207
Calculate the remainder when 8589998 is divided by 16810.
88
What is the remainder when 6760653 is divided by 684?
681
Calculate the remainder when 179045311 is divided by 4374.
4369
Calculate the remainder when 3535023 is divided by 574.
331
What is the remainder when 887284312 is divided by 916?
912
What is the remainder when 19329 is divided by 19120?
209
Calculate the remainder when 194974 is divided by 27846.
52
What is the remainder when 939977 is divided by 42?
17
Calculate the remainder when 13138 is divided by 3569.
2431
What is the remainder when 227303 is divided by 20646?
197
What is the remainder when 58569872 is divided by 22?
20
What is the remainder when 2831958 is divided by 257450?
8
Calculate the remainder when 43989 is divided by 6173.
778
What is the remainder when 20777611 is divided by 18371?
10
Calculate the remainder when 340266 is divided by 20005.
181
Calculate the remainder when 25034 is divided by 683.
446
Calculate the remainder when 31775486 is divided by 162.
158
What is the remainder when 4287671 is divided by 5664?
23
What is the remainder when 50375896 is divided by 3364?
3360
Calculate the remainder when 491643 is divided by 163491.
1170
What is the remainder when 493006 is divided by 37913?
137
Calculate the remainder when 133331 is divided by 5333.
6
Calculate the remainder when 488750 is divided by 3792.
3374
What is the remainder when 4168596 is divided by 1389527?
15
Calculate the remainder when 32089283 is divided by 6417854.
13
Calculate the remainder when 17381371 is divided by 43.
40
What is the remainder when 5482258 is divided by 46?
24
What is the remainder when 112129 is divided by 14775?
8704
Calculate the remainder when 142170783 is divided by 19.
15
What is the remainder when 42147 is divided by 1891?
545
What is the remainder when 746112 is divided by 14603?
1359
What is the remainder when 1457232 is divided by 85715?
77
Calculate the remainder when 189991 is divided by 5403.
886
What is the remainder when 1267136 is divided by 9379?
971
Calculate the remainder when 36832788 is divided by 69759.
36
Calculate the remainder when 1385233 is divided by 395.
363
What is the remainder when 23247376 is divided by 11623630?
116
Calculate the remainder when 17259411 is divided by 9.
3
Calculate the remainder when 179600 is divided by 89412.
776
What is the remainder when 1377327 is divided by 688659?
9
Calculate the remainder when 5708608 is divided by 711.
700
Calculate the remainder when 361340 is divided by 2589.
1469
What is the remainder when 14784594 is divided by 9393?
12
What is the remainder when 37783712 is divided by 260?
252
What is the remainder when 188013 is divided by 807?
789
Calculate the remainder when 913531 is divided by 21.
10
Calculate the remainder when 38947 is divided by 2095.
1237
Calculate the remainder when 114536967 is divided by 1703.
1702
Calculate the remainder when 1907184 is divided by 1201.
1197
What is the remainder when 115027 is divided by 1917?
7
What is the remainder when 129462 is divided by 2590?
2552
What is the remainder when 3019273 is divided by 9206?
8911
Calculate the remainder when 71206 is divided by 23564.
514
What is the remainder when 189011 is divided by 9317?
2671
What is the remainder when 1441115 is divided by 2560?
2395
Calculate the remainder when 276094 is divided by 105.
49
Calculate the remainder when 377191 is divided by 3043.
2902
What is the remainder when 3623908 is divided by 905959?
72
What is the remainder when 2010378 is divided by 287176?
146
Calculate the remainder when 49933 is divided by 47590.
2343
Calculate the remainder when 2453121 is divided by 817677.
90
Calculate the remainder when 9711849 is divided by 321.
315
What is the remainder when 170264361 is divided by 56754784?
9
What is the remainder when 2528389 is divided by 227?
63
What is the remainder when 2713568 is divided by 1712?
48
Calculate the remainder when 2021179 is divided by 2608.
2587
What is the remainder when 4409990 is divided by 4409763?
227
What is the remainder when 25510 is divided by 5010?
460
Calculate the remainder when 115254317 is divided by 10.
7
Calculate the remainder when 1016593 is divided by 317.
291
Calculate the remainder when 135050 is divided by 32796.
3866
Calculate the remainder when 1749013 is divided by 2029.
15
What is the remainder when 1005 is divided by 161?
39
Calculate the remainder when 1971088 is divided by 209.
9
Calculate the remainder when 3951005 is divided by 13.
6
What is the remainder when 4077167 is divided by 433?
39
What is the remainder when 61081438 is divided by 793265?
33
What is the remainder when 396489 is divided by 1776?
441
What is the remainder when 286862 is divided by 2722?
1052
What is the remainder when 235454 is divided by 8112?
206
Calculate the remainder when 1208632 is divided by 3608.
3560
Calculate the remainder when 211031 is divided by 35162.
59
Calculate the remainder when 2333510 is divided by 2299.
25
What is the remainder when 6079247 is divided by 206?
187
What is the remainder when 24153847 is divided by 84454?
3
What is the remainder when 22893 is divided by 22849?
44
What is the remainder when 208131 is divided by 8?
3
Calculate the remainder when 1807562 is divided by 1683.
20
Calculate the remainder when 2976502 is divided by 11627.
11617
What is the remainder when 1624601 is divided by 812259?
83
Calculate the remainder when 77681 is divided by 3299.
1804
What is the remainder when 4634497 is divided by 31743?
19
What is the remainder when 1824076 is divided by 5446?
5112
Calculate the remainder when 67673 is divided by 327.
311
Calculate the remainder when 12537 is divided by 11783.
754
What is the remainder when 601314 is divided by 5408?
1026
What is the remainder when 3330881 is divided by 746?
737
Calculate the remainder when 829856 is divided by 17381.
12949
Calculate the remainder when 809950 is divided by 3141.
2713
What is the remainder when 168104216 is divided by 11?
5
C